*d**2 + 8*d - 2. Let x be t(7). Suppose -x*h = -m - 3367, 0*h + 3*h - 2021 = m. Is h prime?
True
Let l(s) = 262*s - 27. Suppose 39 = 4*a - 81. Suppose -8*n + a = -2*n. Is l(n) prime?
True
Suppose -6447577 = -5*q - 4*g, -5*g + 4*g - 6447562 = -5*q. Is q prime?
True
Let r be 1 + 2 + (9 - 4) + -4. Suppose -r = -3*f - 2*w, -2*w - 7 = -4*f - 3*w. Is (-16)/(f + -6) - -1097 prime?
False
Let c = -26 - -42. Let x = 18 - c. Suppose -210 + 86 = -x*l. Is l a prime number?
False
Let r = -64 - -68. Is 2 + 1137 - (4 - r) a composite number?
True
Suppose -2*m = -2*x + 507204, 12*m = 14*x + 17*m - 3550409. Is x composite?
False
Let j(w) = 912*w**2 - 2*w - 1. Let k = -135 - -137. Is j(k) prime?
True
Let i be (-68)/(-12)*(-1896)/(-8). Let a = i - -1310. Is a composite?
True
Suppose 0 = 25*u + 156 - 56. Is (-12)/18*206490/u composite?
True
Suppose -39*p = -7*z - 35*p + 695235, -397276 = -4*z + 2*p. Is z prime?
True
Suppose 0 = -5*g + 3*q + 28, 2*g - 3 = -4*q + 3. Suppose 55558 + 18795 = g*r - y, -y = -4*r + 59482. Is r composite?
True
Let q(j) = 491*j - 71. Let m be q(12). Let d = m - -1868. Suppose -4*y + d = -y. Is y prime?
False
Let a(f) = 11*f**3 - 18*f**2 - 12*f + 18. Let b be a(27). Suppose 13*c - b = 249068. Is c a prime number?
True
Suppose 0 = 2*w - 3*s - 7 - 8, 6 = 4*w + 2*s. Let t = 5100 + -2493. Suppose 0*m - t = -w*m. Is m a prime number?
False
Let l(x) = 8 - 4*x + 22 + 2*x. Let u be l(18). Is (2 - (0 + 24))*219/u prime?
False
Let h be -13*(-9 - (-113)/13). Let o(n) be the third derivative of 31*n**4/6 - n**3/2 - n**2. Is o(h) composite?
True
Let u be 6/(-18) + (172/(-6) - -3). Let n(h) = 4*h**2 + 41*h + 119. Is n(u) a prime number?
False
Let b(u) be the second derivative of 13/12*u**4 + 7/6*u**3 + 19*u + 3/2*u**2 + 0. Is b(-5) a prime number?
True
Suppose -971268 = -j - 4*z + 623106, -2*z = -2*j + 3188818. Is j prime?
False
Let t(n) = n**3 - 3*n**2 - 6*n + 1. Let h be t(5). Suppose -2*q = 5*p + h, 2*q - 6 = 2*p + 2*p. Let v(l) = 17*l**2 + 3*l - 1. Is v(p) composite?
True
Is 4069092*(-2)/(-3)*((-189)/(-28))/27 prime?
False
Let g(c) = 85*c**2 - 17*c + 8. Let p be g(5). Let j = 155 + p. Is j prime?
True
Let h(l) = -l - 1. Let j(s) = 3616*s - 58. Let t(x) = -h(x) - j(x). Is t(-16) a prime number?
True
Let i(j) = j**3 + 4*j**2 - 4*j + 5. Let n be i(-5). Let t(k) = 169*k - 1834. Let r be t(11). Suppose -5*g + r = 0, -d - 3*g + 431 + 1707 = n. Is d composite?
True
Let t = -179798 - -83279. Is (-8)/(-16) + t/(-6) composite?
False
Let h(y) = y**2 - 2*y + 1. Let o(z) = z**3 - 10*z**2 + 8*z + 15. Let u be o(9). Let w be h(u). Suppose -w*s = -20*s - 2935. Is s a prime number?
True
Suppose -11154573 + 9608187 - 12652837 = -79*o. Is o a prime number?
True
Let y = 7614 - 12703. Let v = 3402 - y. Is v composite?
True
Let f(h) be the first derivative of -2*h**3 - h**2 + 7*h + 6. Let n be f(6). Let x = -144 - n. Is x prime?
False
Let q(b) = 150*b**3 - 3*b**2 - 18*b - 7. Let g(l) = -50*l**3 + l**2 + 6*l + 2. Let o(p) = 7*g(p) + 2*q(p). Let j = 5266 + -5271. Is o(j) a prime number?
False
Let o = -29 - -70. Let a = 43 - o. Suppose -3*v - 5*b + 9409 = 0, 0*b + a*b - 12564 = -4*v. Is v a composite number?
True
Let r = 78 - 63. Suppose -r = -38*m + 41*m. Is (-3 - m)*1/((-6)/(-3147)) prime?
True
Suppose -12 = -5*c - 12. Suppose -2*r = -5*r + 12. Suppose 0 = -3*z - c*k + r*k + 13, 2*k + 14 = 4*z. Is z composite?
False
Let j(l) = 68*l**3 - 7*l**2 - 5*l + 31. Is j(5) prime?
False
Suppose 4*t - 4886 = -2*j, -4*t = j - 4*j + 7319. Let p(n) = 23*n - 266. Let q be p(6). Let g = j - q. Is g a prime number?
False
Is 15 + 5436144/12 + -6 + 2 a composite number?
False
Is 1/(-3) - 60/90 - -52250 composite?
False
Let p(s) = -4306*s + 4895. Is p(-11) a prime number?
False
Let m(w) = -509*w - 716. Is m(-9) a composite number?
True
Suppose 0 = -4*f + 3 + 17. Suppose -3*j = -7 - f. Suppose j*m - 4*n = 7032, -m + 6*n + 1761 = 2*n. Is m a composite number?
True
Let t be (21/9)/((-3)/(-18)). Let m be (24/(-7))/((-4)/t). Let g = 245 - m. Is g prime?
True
Let f be (-418)/(-99) - 2/9. Suppose f*h + 41 = 289. Let a = 136 - h. Is a a prime number?
False
Is 1/(4 + 12 + -13)*1306893 a composite number?
True
Suppose 11*y = 7*y - 12, -3*w + 6 = -2*y. Suppose w = 11*x - 26*x + 135690. Is x a prime number?
False
Let w = 105 - 113. Is (-3355)/(-4) - 2/w prime?
True
Suppose 0 = -26*w - 2 - 15 - 9. Let v(l) = -65*l**2 + 2 + 156*l**2 + 2*l + 0. Is v(w) composite?
True
Let o = 12500 + -10591. Is o composite?
True
Let g be (15/21 - 1)*-14. Let q = g - 0. Suppose -q*t = -6*t + 6706. Is t a composite number?
True
Let v be 8*(3775/36 + (-1)/9). Let o = v - 191. Is o prime?
True
Let f = -267673 + 919602. Is f prime?
False
Let p(s) = -s + 17. Let v be p(27). Let f(i) = -217*i - 3. Is f(v) prime?
False
Let c = 62964 + -29563. Is c a prime number?
False
Suppose 0 = 4*n - 20, n = -5*y - n + 6665. Let l = -288 + y. Is l prime?
False
Let z(t) = -28529*t - 12. Let g be z(-8). Suppose -34*m + 54*m = g. Is m a composite number?
False
Let h(t) = 2153*t**3 + 26*t**2 - 129*t + 25. Is h(6) composite?
True
Let m = 79 + -90. Let u(b) = 2*b**2 + 6*b - 3. Let t be u(m). Is t/(-2)*3*(-4 + 2) a composite number?
True
Let s = -148 + 112865. Is s composite?
True
Let s(y) = -4*y + 371. Let j = -55 - -55. Is s(j) a composite number?
True
Is 168 + 39303 - (2 + 0/3) prime?
False
Suppose -2*d + 48 = -10*d. Is (-4348)/d*72/(-16)*-1 prime?
False
Let h be (19 - -5) + (-18)/(-3). Is (44/(-6))/(h/(-7065)) a prime number?
False
Suppose 3*p = -3*j - 2*j + 24, 3*p - 3*j = 0. Suppose 3*t - 9452 = 5*w, 3*t + p*w + 15748 = 8*t. Is t a composite number?
True
Suppose 11*i = -o + 7*i + 118823, 5*o + 4*i - 594099 = 0. Is o a prime number?
True
Let f(g) = 8*g - 96. Let a be f(12). Suppose a = -x + 20*v - 17*v + 1621, 0 = -4*x - 2*v + 6470. Is x composite?
True
Suppose -11*z = -8*z - 8721. Let i = z - 1648. Is i composite?
False
Let c = 131499 - 87772. Is c a composite number?
True
Let f(l) = 6*l**3 - 64*l**2 - 107*l + 131. Is f(36) prime?
False
Let m = 62352 + 257657. Is m a composite number?
False
Let t = 26586 + 29083. Is t a prime number?
False
Suppose 0 = y + 2*m - 62749, -3*m + 146839 + 166878 = 5*y. Suppose 3*x - y = -5*n + 26965, -3*n = 4*x - 53817. Is n a prime number?
False
Let y be (2/(-3))/((-70)/(-105)) - -4. Suppose q - 2 = -7, -y*i - 5*q + 7982 = 0. Is i a prime number?
False
Let j(s) = -840*s**3 + 2*s**2 + 7*s - 7. Let n be j(-3). Suppose 10*h - 15620 - n = 0. Is h a composite number?
True
Let t be 4*193 + (-4 - -10)/(-6). Suppose -w - 688 = t. Is ((-3)/1 + (-4)/(-2))*w a prime number?
True
Suppose 0 = 3*h - 4*z - 2424425, h - 39*z - 808151 = -40*z. Is h a composite number?
False
Suppose -45*d - 363 = -93. Is 17*137 - 6*d/9 a composite number?
False
Let r = 11633 - -13563. Suppose -13*i + r = -9*i. Suppose -i = -4*g + 11889. Is g a composite number?
False
Let k(n) = 28*n + 11047. Let l = 257 - 257. Is k(l) a composite number?
False
Let i be (-46)/(-8) - 9/(-36). Suppose 7*k - 3 = i*k. Suppose 5815 = 8*r - k*r. Is r prime?
True
Suppose 7*m + 80 = 2*m + 2*h, 5*m + 5*h + 80 = 0. Suppose -2*i + i = -685. Let a = m + i. Is a composite?
True
Suppose -3*w - 276 = 5*t - 5375, 4*w = -5*t + 6792. Is w prime?
True
Suppose -4*s + 45 = -r, 0 = 4*s + r - 4*r - 55. Suppose -9211 = -s*y + 369. Is y prime?
False
Suppose -l + 6079 = -3279. Suppose -12*h + 16982 = -l. Is h a composite number?
True
Let r = 12 + -4. Suppose -4*u - r + 428 = 0. Let h = u + -52. Is h composite?
False
Let d(b) = -27*b**3 + 4*b**2 + 3*b + 13. Suppose 158 = 2*t - 3*u, t - 4*u - 81 = -12. Suppose 73 = 4*p + t. Is d(p) prime?
True
Suppose 3*g - 481 = 5*z - 4343, 5142 = -4*g + 3*z. Let p = -8746 + 14025. Let j = p - g. Is j a prime number?
True
Suppose -30*j + 1111123 = 253153. Is j a prime number?
False
Suppose -3*h - 22 = 38. Let b = 25 + h. Let f(c) = 8*c**3 + 7*c**2 - 9*c + 3. Is f(b) composite?
True
Suppose 0 = 7*t - 5*t - 5*o - 59032, -4*o + 88571 = 3*t. Let j = -6938 + t. Is j prime?
False
Let s be (24/(-12))/(1/(-2)). Let b be ((-1536)/120)/(s/(-10)). Suppose b*q - 30*q = 1758. Is q composite?
True
Suppose -o - 382 = -5*z, 4*z - 23*o + 22*o - 305 = 0. Is 1471 + z + 1*-5 prime?
True
Let u be (-1 - 39)*((-35)/(-5) + -6). Let b = u + 73. Suppose b*y - 508 = 29*y. Is y composi